(12)?
-168
Let o(w) = w**3 - 4*w**2 - 16*w - 6. Give o(-3).
-21
Let p(t) = t**3 + 4*t**2 + 14*t + 34. Calculate p(-5).
-61
Let n(a) = -a**2 + 75*a - 571. Calculate n(66).
23
Let s(g) = 4*g**2 + g - 11. Determine s(-3).
22
Let l(v) = -v**2 - 147*v - 4943. Determine l(-95).
-3
Let n(v) = -6*v**2 - 417*v - 197. Determine n(-69).
10
Let b(t) = t**2 - 91*t - 500. Determine b(-5).
-20
Let n(r) = -7*r**2 + 20*r - 70. Calculate n(5).
-145
Let t(v) = -v**2 - 7*v - 8. Determine t(-6).
-2
Let q(c) = -c**3 - 80*c**2 + 1314*c - 190. Give q(-94).
-2
Let i(t) = 78*t + 41. What is i(6)?
509
Let s(c) = 720*c - 2883. Determine s(4).
-3
Let z(x) = 3*x**3 + 2*x**2 + 2*x - 1. Determine z(-2).
-21
Let u(y) = -y**3 - 5*y**2 + y + 6. What is u(-3)?
-15
Let i(n) = -8*n**2 - 14*n - 42. Calculate i(-7).
-336
Let d(j) = 2*j**2 + 34*j + 14. Determine d(-15).
-46
Let o(v) = 105*v + 217. Give o(-4).
-203
Let g(a) = 4*a + 236. Give g(-18).
164
Let m(v) = -v**2 - 118*v - 1610. Give m(-102).
22
Let t(d) = -3*d**2 - 51*d - 103. Give t(-14).
23
Let w(y) = 121*y - 669. Calculate w(6).
57
Let h(t) = -6*t**2 + 18*t - 13. Give h(8).
-253
Let c(p) = -4*p**2 + 133*p + 276. Determine c(-2).
-6
Let r(t) = -t**3 - 47*t**2 - 255*t - 3575. What is r(-43)?
-6
Let g(z) = -z**3 + 12*z**2 + 35*z + 5. What is g(-2)?
-9
Let h(c) = 117*c**2 - 2340*c - 7. Determine h(20).
-7
Let q(t) = -t**3 - 13*t**2 + 109*t + 1332. Calculate q(-14).
2
Let y(k) = 33*k**2 - 174*k - 1071. Determine y(-6).
1161
Let y(l) = -l**2 + 39*l + 801. Determine y(54).
-9
Let q(f) = -f**2 + 70*f - 1195. Determine q(31).
14
Let r(n) = 2*n**3 + 275*n**2 + 139*n + 300. Give r(-137).
26
Let x(v) = -3*v**2 - 173*v - 545. Determine x(-54).
49
Let s(w) = w**3 + 29*w**2 - 18*w + 60. Give s(-31).
-1304
Let g(l) = 2*l**2 + 203*l + 1482. Calculate g(-8).
-14
Let d(z) = -50*z**2 + 599*z + 19. Determine d(12).
7
Let s(z) = -z**3 - 20*z**2 - 77*z - 54. Give s(-15).
-24
Let p(y) = -1045*y - 14618. Determine p(-14).
12
Let s(r) = 21*r**2 + 259*r + 66. Determine s(-12).
-18
Let p(v) = -v**3 + 7*v + 628. Determine p(9).
-38
Let z(g) = -2*g**3 - 14*g**2 - 37*g + 9. Calculate z(-5).
94
Let p(s) = -1493*s + 8967. Give p(6).
9
Let z(h) = 7*h**2 - 187*h - 40. Calculate z(24).
-496
Let o(l) = 31*l - 263. Calculate o(8).
-15
Let z(a) = -5*a**2 + 87*a + 46. Determine z(18).
-8
Let j(a) = -130*a + 3919. Determine j(30).
19
Let x(t) = -590*t + 35979. Calculate x(61).
-11
Let k(i) = 2*i**3 + 10*i**2 - 34*i - 134. Give k(-6).
-2
Let v(r) = 221*r - 1395. What is v(8)?
373
Let l(h) = -h**3 + h**2 - 30*h + 105. Give l(5).
-145
Let m(j) = -j**2 + 35*j + 178. Determine m(-5).
-22
Let o(i) = -i**2 + 40*i + 7702. What is o(110)?
2
Let t(s) = -264*s - 14255. Determine t(-54).
1
Let v(q) = 3*q**2 + 78*q + 321. Calculate v(-21).
6
Let r(h) = -54*h + 109. What is r(0)?
109
Let t(v) = 12*v**2 - 350*v + 21. Determine t(29).
-37
Let q(c) = -55*c + 566. What is q(11)?
-39
Let f(a) = 8*a**2 + 498*a + 2382. Give f(-57).
-12
Let k(p) = -p**2 - 362*p + 2975. Calculate k(8).
15
Let s(m) = m**3 - 5*m**2 + 27*m - 186. Determine s(6).
12
Let u(n) = n**2 - 643*n - 1289. What is u(-2)?
1
Let o(n) = n**3 + 8*n**2 + 70*n + 444. Determine o(-7).
3
Let d(n) = 441*n - 4429. Determine d(10).
-19
Let d(c) = -174*c - 522. Calculate d(-3).
0
Let d(p) = -374*p - 19080. Calculate d(-51).
-6
Let o(d) = -91*d - 4200. Give o(-46).
-14
Let b(m) = 185*m**2 - 525*m - 87. Give b(3).
3
Let k(q) = q**3 + 9*q**2 - 15*q - 206. Calculate k(-7).
-3
Let t(c) = 130*c**3 + 7413*c**2 + 170*c - 53. Calculate t(-57).
4
Let r(a) = -a**2 - 21*a + 195. Calculate r(-30).
-75
Let d(q) = -279*q - 9504. Calculate d(-34).
-18
Let d(r) = -r**3 - 2*r**2 + 47*r + 157. Determine d(-4).
1
Let j(p) = -125*p**2 + 866*p + 54. What is j(7)?
-9
Let a(m) = -111*m - 318. Give a(-6).
348
Let c(o) = o**2 - 74*o + 1408. What is c(34)?
48
Let l(k) = -k**2 - 24*k - 169. Calculate l(-15).
-34
Let j(g) = 7*g**2 - 3*g - 70. What is j(-6)?
200
Let q(z) = -200*z - 74. What is q(-1)?
126
Let v(w) = 2*w**2 + 11*w + 41. Give v(-19).
554
Let o(u) = -u**3 - 46*u**2 + 93*u - 150. What is o(-48)?
-6
Let y(r) = -r**3 + 4*r**2 - 5*r + 13. Determine y(4).
-7
Let l(w) = -6*w**2 + 43*w + 369. Calculate l(-5).
4
Let z(k) = -2*k**2 - 93*k + 105. Give z(-48).
-39
Let r(i) = 9*i - 6. Give r(-8).
-78
Let b(h) = h**2 + 80*h + 1070. What is b(-17)?
-1
Let w(l) = -3*l**2 + 335*l - 537. What is w(110)?
13
Let g(o) = 4*o**3 + 2*o**2 + 11*o + 23. Calculate g(-4).
-245
Let q(d) = d**3 + 16*d**2 + 57*d + 949. Give q(-16).
37
Let p(s) = 9*s**2 + 2440*s + 14311. Calculate p(-6).
-5
Let p(u) = 226*u + 34. Determine p(-1).
-192
Let v(q) = -q**3 + 2*q**2 + 76*q + 180. Determine v(-6).
12
Let y(j) = 412*j - 4562. Give y(11).
-30
Let a(w) = w**3 + 89*w**2 - 403*w - 11682. Give a(-92).
2
Let h(n) = 27*n**2 - 236*n - 122. What is h(9)?
-59
Let m(f) = -920*f + 10124. What is m(11)?
4
Let z(s) = -9*s - 195. Give z(-21).
-6
Let f(y) = -y**3 - 9*y**2 + 16*y + 68. Calculate f(-10).
8
Let p(x) = x**3 + 103*x**2 + 761*x + 7. Give p(-8).
-1
Let h(l) = 19*l + 1191. Give h(-65).
-44
Let r(v) = -v**3 - 357*v**2 + 9546*v + 98. Calculate r(25).
-2
Let l(p) = p**3 + 39*p**2 + 73*p + 19. What is l(-37)?
56
Let w(u) = 6*u**2 - 347*u - 101. What is w(58)?
-43
Let p(u) = 3*u**2 + 15*u + 29. Calculate p(-5).
29
Let n(r) = 49*r**3 - 22*r**2 + 39*r - 2. Calculate n(2).
380
Let c(r) = r**3 - 191*r**2 + 584*r - 3769. Determine c(188).
-9
Let i(w) = -w**3 + 436*w**2 + 3996*w + 4011. What is i(445)?
6
Let o(y) = 2*y**2 - 20*y - 94. What is o(19)?
248
Let w(n) = n**3 + 26*n**2 - 71*n + 467. Calculate w(-29).
3
Let a(o) = -306*o**2 - 2756*o - 15. Give a(-9).
3
Let n(x) = -x**3 + 28*x**2 - 64*x + 314. Calculate n(26).
2
Let l(x) = 3*x + 30. Give l(-18).
-24
Let a(v) = -10*v + 192. What is a(12)?
72
Let y(q) = 4*q**2 + 17*q - 48. Calculate y(3).
39
Let i(b) = -b**3 - 25*b**2 - 64*b + 23. What is i(-22)?
-21
Let t(n) = -144*n + 890. Determine t(6).
26
Let l(f) = -75*f + 6455. What is l(86)?
5
Let h(b) = -b**3 - b**2 + 2*b - 168. Determine h(0).
-168
Let c(x) = 5*x**3 - 108*x**2 - 46*x + 38. Calculate c(22).
-6
Let k(a) = 4*a**3 - 83*a**2 + 61*a - 1717. Determine k(21).
5
Let c(g) = 13*g**2 - 2*g - 2. Give c(-1).
13
Let x(t) = -510*t - 20372. Determine x(-40).
28
Let s(k) = -3*k**2 - 36*k - 12. Give s(-12).
-12
Let t(x) = -3*x**3 - x**2 - 3*x - 11. Determine t(0).
-11
Let z(f) = f**2 - 946*f + 223630. Determine z(463).
1
Let r(a) = 2*a + 110. Calculate r(-45).
20
Let f(l) = 8*l - 370. What is f(45)?
-10
Let k(t) = -5*t**3 - 7*t**2 - 6*t + 51. What is k(-4)?
283
Let g(c) = c**2 + 44*c + 188. What is g(-25)?
-287
Let q(t) = t**3 + 13*t**2 - 30*t - 7. Determine q(-15).
-7
Let o(m) = m**3 - 46*m**2 + 51*m - 272. What is o(45)?
-2
Let m(k) = -k**3 + 40*k**2 + 44*k - 118. Determine m(41).
5
Let s(k) = 14*k + 214. Determine s(-16).
-10
Let y(z) = -28*z + 450. Give y(16).
2
Let o(h) = -h**3 + 2*h**2 - 256*h + 1676. Give o(6).
-4
Let a(t) = -t**3 - 18*t**2 - 78*t + 13. Determine a(-9).
-14
Let p(q) = -99*q - 4239. What is p(-43)?
18
Let z(t) = 7*t**2 - 74*t - 847. What is z(-10)?
593
Let c(k) = -231*k - 2094. Determine c(-10).
216
Let o(k) = k**3 - 29*k**2 + 2*k - 70. Determine o(29).
-12
Let c(w) = -w**2 - 27*w + 2269. Calculate c(36).
1
Let p(k) = -k**2 - 13*k + 143. Give p(-21).
-25
Let c(n) = -25*n + 114. Calculate c(0).
114
Let c(x) = -10091*x + 50460. What is c(5)?
5
Let f(m) = 104*m - 3857. Calculate f(37).
-9
Let w(p) = -2*p**3 + 187*p**2 - 618*p - 1085. Calculate w(90).
-5
Let z(d) = d**3 - 29*d**2 - 249*d - 136. Calculate z(36).
-28
Let n(u) = -u**2 - 28094*u + 112396. What is n(4)?
4
Let d(w) = -w**3 + 3*w**2 - 2*w - 8. Determine d(5).
-68
Let h(m) = 2*m**2 + 91*m + 1114. Determine h(-14).
232
Let w(z) = z**3 - 17*z**2 - 64*z + 5. What is w(20)?
-75
Let t(p) = -7*p**2 - 278*p - 189. Give t(-39).
6
Let o(j) = -j**2 + 155*j + 3156. What is o(-18)?
42
Let v(w) = 3*w**2 - 60*w + 121. Calculate v(17).
-32
Let w(u) = u**3 + 23*u**2 + 75*u - 10. What is w(-19)?
9
Let u(z) = 3*z**3 - 130*z**2 + 170*z - 87. Give u(42).
-3
Let i(s) = s**3 - s**2 - 18*s - 17. What is i(5)?
-7
Let n(i) = -117*i - 871. Calculate n(-7).
-52
Let z(h) = -138*h + 51. Determine z(5).
-639
Let j(w) = 2274*w - 336553. What is j(148)